{"id":349,"date":"2017-04-27T00:52:57","date_gmt":"2017-04-26T22:52:57","guid":{"rendered":"http:\/\/festivalnazelenelouce.cz\/?page_id=349"},"modified":"2017-11-06T09:18:45","modified_gmt":"2017-11-06T07:18:45","slug":"kontakt","status":"publish","type":"page","link":"https:\/\/festivalnazelenelouce.cz\/?page_id=349","title":{"rendered":"Kontakt"},"content":{"rendered":"<p>Petra Hn\u00e1tov\u00e1\u00a0T \/ 739 485 948 @ <strong><a href=\"mailto:cestazivotembb@seznam.cz\">cestazivotembb@seznam.cz<\/a><\/strong><\/p>\n<p>Stanislava Hrstkov\u00e1 T \/ 777 787 391<\/p>\n<p>Pavel Moj\u017e\u00ed\u0161 T \/ 775 114 355 @ <strong>p<a href=\"mailto:pavel.mojzis@svetvbezpeci.cz\">avel.mojzis@svetvbezpeci.cz<\/a><\/strong><\/p>\n<p>&nbsp;<\/p>\n","protected":false},"excerpt":{"rendered":"<p>Petra Hn\u00e1tov\u00e1\u00a0T \/ 739 485 948 @ cestazivotembb@seznam.cz Stanislava Hrstkov\u00e1 T \/ 777 787 391 Pavel Moj\u017e\u00ed\u0161 T \/ 775 114 355 @ pavel.mojzis@svetvbezpeci.cz &nbsp;<\/p>\n","protected":false},"author":1,"featured_media":0,"parent":0,"menu_order":0,"comment_status":"closed","ping_status":"closed","template":"","meta":{"footnotes":""},"class_list":["post-349","page","type-page","status-publish","hentry"],"_links":{"self":[{"href":"https:\/\/festivalnazelenelouce.cz\/index.php?rest_route=\/wp\/v2\/pages\/349","targetHints":{"allow":["GET"]}}],"collection":[{"href":"https:\/\/festivalnazelenelouce.cz\/index.php?rest_route=\/wp\/v2\/pages"}],"about":[{"href":"https:\/\/festivalnazelenelouce.cz\/index.php?rest_route=\/wp\/v2\/types\/page"}],"author":[{"embeddable":true,"href":"https:\/\/festivalnazelenelouce.cz\/index.php?rest_route=\/wp\/v2\/users\/1"}],"replies":[{"embeddable":true,"href":"https:\/\/festivalnazelenelouce.cz\/index.php?rest_route=%2Fwp%2Fv2%2Fcomments&post=349"}],"version-history":[{"count":6,"href":"https:\/\/festivalnazelenelouce.cz\/index.php?rest_route=\/wp\/v2\/pages\/349\/revisions"}],"predecessor-version":[{"id":391,"href":"https:\/\/festivalnazelenelouce.cz\/index.php?rest_route=\/wp\/v2\/pages\/349\/revisions\/391"}],"wp:attachment":[{"href":"https:\/\/festivalnazelenelouce.cz\/index.php?rest_route=%2Fwp%2Fv2%2Fmedia&parent=349"}],"curies":[{"name":"wp","href":"https:\/\/api.w.org\/{rel}","templated":true}]}}

<p>Petra Hnátová T / 739 485 948 @ <strong><a href="mailto:cestazivotembb@seznam.cz">cestazivotembb@seznam.cz</a></strong></p>
<p>Stanislava Hrstková T / 777 787 391</p>
<p>Pavel Mojžíš T / 775 114 355 @ <strong>p<a href="mailto:pavel.mojzis@svetvbezpeci.cz">avel.mojzis@svetvbezpeci.cz</a></strong></p>
<p>&nbsp;</p>

<p>Petra Hnátová T / 739 485 948 @ cestazivotembb@seznam.cz Stanislava Hrstková T / 777 787 391 Pavel Mojžíš T / 775 114 355 @ pavel.mojzis@svetvbezpeci.cz &nbsp;</p>
